{"id":88,"date":"2025-03-25T11:41:25","date_gmt":"2025-03-25T11:41:25","guid":{"rendered":"https:\/\/factgo.nextwpcook.com\/?page_id=88"},"modified":"2026-02-17T14:18:41","modified_gmt":"2026-02-17T17:18:41","slug":"areas-de-atuacao","status":"publish","type":"page","link":"https:\/\/thiagomts.com.br\/wjs\/areas-de-atuacao\/","title":{"rendered":"\u00c1reas de atua\u00e7\u00e3o"},"content":{"rendered":"\t\t<div data-elementor-type=\"wp-page\" data-elementor-id=\"88\" class=\"elementor elementor-88\" data-elementor-post-type=\"page\">\n\t\t\t\t<div class=\"elementor-element elementor-element-b0a69ba e-grid e-con-boxed e-con e-parent\" data-id=\"b0a69ba\" data-element_type=\"container\" data-e-type=\"container\" data-settings=\"{&quot;background_background&quot;:&quot;classic&quot;}\">\n\t\t\t\t\t<div class=\"e-con-inner\">\n\t\t\t\t<div data-flexitype-wrapper-link=\"{&quot;url&quot;:&quot;https:\\\/\\\/thiagomts.com.br\\\/wjs\\\/service\\\/solar-installation\\\/&quot;,&quot;is_external&quot;:&quot;&quot;,&quot;nofollow&quot;:&quot;&quot;}\" style=\"cursor: pointer\" class=\"elementor-element elementor-element-396c4d7 elementor-widget elementor-widget-txwpc-image-box\" data-id=\"396c4d7\" data-element_type=\"widget\" data-e-type=\"widget\" data-widget_type=\"txwpc-image-box.default\">\n\t\t\t\t<div class=\"elementor-widget-container\">\n\t\t\t\t\t\r\n        <div class=\"icon__box-item box_image  custom_badge\">\r\n            <div class=\"icon__box-image\">\r\n                <img decoding=\"async\" src=\"http:\/\/thiagomts.com.br\/wjs\/wp-content\/uploads\/2026\/02\/15204.webp\" alt=\"No alt text\" \/>            <\/div>\r\n                        <div class=\"icon__box-item-content\">\r\n                                <div class=\"title\">\r\n                                                                <h5 class=\"box-title\">\r\n                                                            <a href=\"https:\/\/thiagomts.com.br\/wjs\/service\/solar-installation\/\">\r\n                                    Instala\u00e7\u00f5es El\u00e9tricas                                <\/a>\r\n                                                    <\/h5>\r\n                                                        <\/div>\r\n                            <\/div>\r\n        <\/div>\r\n\r\n        \t\t\t\t<\/div>\n\t\t\t\t<\/div>\n\t\t\t\t<div data-flexitype-wrapper-link=\"{&quot;url&quot;:&quot;https:\\\/\\\/thiagomts.com.br\\\/wjs\\\/service\\\/automacao-residencial\\\/&quot;,&quot;is_external&quot;:&quot;&quot;,&quot;nofollow&quot;:&quot;&quot;}\" style=\"cursor: pointer\" class=\"elementor-element elementor-element-4397279 elementor-widget elementor-widget-txwpc-image-box\" data-id=\"4397279\" data-element_type=\"widget\" data-e-type=\"widget\" data-widget_type=\"txwpc-image-box.default\">\n\t\t\t\t<div class=\"elementor-widget-container\">\n\t\t\t\t\t\r\n        <div class=\"icon__box-item box_image  custom_badge\">\r\n            <div class=\"icon__box-image\">\r\n                <img decoding=\"async\" src=\"http:\/\/thiagomts.com.br\/wjs\/wp-content\/uploads\/2026\/02\/2149216655.webp\" alt=\"No alt text\" \/>            <\/div>\r\n                        <div class=\"icon__box-item-content\">\r\n                                <div class=\"title\">\r\n                                                                <h5 class=\"box-title\">\r\n                                                            <a href=\"https:\/\/thiagomts.com.br\/wjs\/service\/automacao-residencial\/\">\r\n                                    Automa\u00e7\u00e3o Residencial                                <\/a>\r\n                                                    <\/h5>\r\n                                                        <\/div>\r\n                            <\/div>\r\n        <\/div>\r\n\r\n        \t\t\t\t<\/div>\n\t\t\t\t<\/div>\n\t\t\t\t<div data-flexitype-wrapper-link=\"{&quot;url&quot;:&quot;https:\\\/\\\/thiagomts.com.br\\\/wjs\\\/service\\\/carregadores-para-veiculos-eletricos\\\/&quot;,&quot;is_external&quot;:&quot;&quot;,&quot;nofollow&quot;:&quot;&quot;}\" style=\"cursor: pointer\" class=\"elementor-element elementor-element-71089e1 elementor-widget elementor-widget-txwpc-image-box\" data-id=\"71089e1\" data-element_type=\"widget\" data-e-type=\"widget\" data-widget_type=\"txwpc-image-box.default\">\n\t\t\t\t<div class=\"elementor-widget-container\">\n\t\t\t\t\t\r\n        <div class=\"icon__box-item box_image  custom_badge\">\r\n            <div class=\"icon__box-image\">\r\n                <img decoding=\"async\" src=\"http:\/\/thiagomts.com.br\/wjs\/wp-content\/uploads\/2026\/02\/94933.webp\" alt=\"No alt text\" \/>            <\/div>\r\n                        <div class=\"icon__box-item-content\">\r\n                                <div class=\"title\">\r\n                                                                <h5 class=\"box-title\">\r\n                                                            <a href=\"https:\/\/thiagomts.com.br\/wjs\/service\/carregadores-para-veiculos-eletricos\/\">\r\n                                    Carregadores para Ve\u00edculos El\u00e9tricos                                <\/a>\r\n                                                    <\/h5>\r\n                                                        <\/div>\r\n                            <\/div>\r\n        <\/div>\r\n\r\n        \t\t\t\t<\/div>\n\t\t\t\t<\/div>\n\t\t\t\t<div data-flexitype-wrapper-link=\"{&quot;url&quot;:&quot;https:\\\/\\\/thiagomts.com.br\\\/wjs\\\/service\\\/energia-solar-fotovoltaica\\\/&quot;,&quot;is_external&quot;:&quot;&quot;,&quot;nofollow&quot;:&quot;&quot;}\" style=\"cursor: pointer\" class=\"elementor-element elementor-element-b86e7b1 elementor-widget elementor-widget-txwpc-image-box\" data-id=\"b86e7b1\" data-element_type=\"widget\" data-e-type=\"widget\" data-widget_type=\"txwpc-image-box.default\">\n\t\t\t\t<div class=\"elementor-widget-container\">\n\t\t\t\t\t\r\n        <div class=\"icon__box-item box_image  custom_badge\">\r\n            <div class=\"icon__box-image\">\r\n                <img decoding=\"async\" src=\"http:\/\/thiagomts.com.br\/wjs\/wp-content\/uploads\/2025\/07\/banner-4.jpg\" alt=\"No alt text\" \/>            <\/div>\r\n                        <div class=\"icon__box-item-content\">\r\n                                <div class=\"title\">\r\n                                                                <h5 class=\"box-title\">\r\n                                                            <a href=\"https:\/\/thiagomts.com.br\/wjs\/service\/energia-solar-fotovoltaica\/\">\r\n                                    Energia Solar Fotovoltaica                                <\/a>\r\n                                                    <\/h5>\r\n                                                        <\/div>\r\n                            <\/div>\r\n        <\/div>\r\n\r\n        \t\t\t\t<\/div>\n\t\t\t\t<\/div>\n\t\t\t\t<div data-flexitype-wrapper-link=\"{&quot;url&quot;:&quot;https:\\\/\\\/thiagomts.com.br\\\/wjs\\\/service\\\/eficiencia-energetica\\\/&quot;,&quot;is_external&quot;:&quot;&quot;,&quot;nofollow&quot;:&quot;&quot;}\" style=\"cursor: pointer\" class=\"elementor-element elementor-element-77bb7b7 elementor-widget elementor-widget-txwpc-image-box\" data-id=\"77bb7b7\" data-element_type=\"widget\" data-e-type=\"widget\" data-widget_type=\"txwpc-image-box.default\">\n\t\t\t\t<div class=\"elementor-widget-container\">\n\t\t\t\t\t\r\n        <div class=\"icon__box-item box_image  custom_badge\">\r\n            <div class=\"icon__box-image\">\r\n                <img decoding=\"async\" src=\"http:\/\/thiagomts.com.br\/wjs\/wp-content\/uploads\/2026\/02\/2148920650.webp\" alt=\"No alt text\" \/>            <\/div>\r\n                        <div class=\"icon__box-item-content\">\r\n                                <div class=\"title\">\r\n                                                                <h5 class=\"box-title\">\r\n                                                            <a href=\"https:\/\/thiagomts.com.br\/wjs\/service\/eficiencia-energetica\/\">\r\n                                    Efici\u00eancia Energ\u00e9tica                                <\/a>\r\n                                                    <\/h5>\r\n                                                        <\/div>\r\n                            <\/div>\r\n        <\/div>\r\n\r\n        \t\t\t\t<\/div>\n\t\t\t\t<\/div>\n\t\t\t\t\t<\/div>\n\t\t\t\t<\/div>\n\t\t\t\t<\/div>\n\t\t","protected":false},"excerpt":{"rendered":"<p>Instala\u00e7\u00f5es El\u00e9tricas Automa\u00e7\u00e3o Residencial Carregadores para Ve\u00edculos El\u00e9tricos Energia Solar Fotovoltaica Efici\u00eancia Energ\u00e9tica<\/p>\n","protected":false},"author":1,"featured_media":0,"parent":0,"menu_order":0,"comment_status":"closed","ping_status":"closed","template":"page-builder.php","meta":{"footnotes":""},"class_list":["post-88","page","type-page","status-publish","hentry"],"_links":{"self":[{"href":"https:\/\/thiagomts.com.br\/wjs\/wp-json\/wp\/v2\/pages\/88","targetHints":{"allow":["GET"]}}],"collection":[{"href":"https:\/\/thiagomts.com.br\/wjs\/wp-json\/wp\/v2\/pages"}],"about":[{"href":"https:\/\/thiagomts.com.br\/wjs\/wp-json\/wp\/v2\/types\/page"}],"author":[{"embeddable":true,"href":"https:\/\/thiagomts.com.br\/wjs\/wp-json\/wp\/v2\/users\/1"}],"replies":[{"embeddable":true,"href":"https:\/\/thiagomts.com.br\/wjs\/wp-json\/wp\/v2\/comments?post=88"}],"version-history":[{"count":23,"href":"https:\/\/thiagomts.com.br\/wjs\/wp-json\/wp\/v2\/pages\/88\/revisions"}],"predecessor-version":[{"id":5916,"href":"https:\/\/thiagomts.com.br\/wjs\/wp-json\/wp\/v2\/pages\/88\/revisions\/5916"}],"wp:attachment":[{"href":"https:\/\/thiagomts.com.br\/wjs\/wp-json\/wp\/v2\/media?parent=88"}],"curies":[{"name":"wp","href":"https:\/\/api.w.org\/{rel}","templated":true}]}}