{"id":80,"date":"2025-03-25T11:39:19","date_gmt":"2025-03-25T11:39:19","guid":{"rendered":"https:\/\/factgo.nextwpcook.com\/?page_id=80"},"modified":"2026-02-16T18:03:00","modified_gmt":"2026-02-16T21:03:00","slug":"sobre","status":"publish","type":"page","link":"https:\/\/thiagomts.com.br\/wjs\/sobre\/","title":{"rendered":"Sobre"},"content":{"rendered":"\t\t<div data-elementor-type=\"wp-page\" data-elementor-id=\"80\" class=\"elementor elementor-80\" data-elementor-post-type=\"page\">\n\t\t\t\t<div class=\"elementor-element elementor-element-60a92f7 e-flex e-con-boxed e-con e-parent\" data-id=\"60a92f7\" data-element_type=\"container\" data-e-type=\"container\" data-settings=\"{&quot;background_background&quot;:&quot;classic&quot;}\">\n\t\t\t\t\t<div class=\"e-con-inner\">\n\t\t<div class=\"elementor-element elementor-element-970c771 e-con-full e-flex e-con e-child\" data-id=\"970c771\" data-element_type=\"container\" data-e-type=\"container\">\n\t\t\t\t<div class=\"elementor-element elementor-element-a4c6c0a elementor-widget elementor-widget-txwpc-heading\" data-id=\"a4c6c0a\" data-element_type=\"widget\" data-e-type=\"widget\" data-widget_type=\"txwpc-heading.default\">\n\t\t\t\t<div class=\"elementor-widget-container\">\n\t\t\t\t\t<div class=\"section-heading\"><p class=\"section-heading-title\">Sobre a empresa<\/p><\/div>\t\t\t\t<\/div>\n\t\t\t\t<\/div>\n\t\t\t\t<div class=\"elementor-element elementor-element-0dae207 elementor-widget elementor-widget-txwpc-heading\" data-id=\"0dae207\" data-element_type=\"widget\" data-e-type=\"widget\" data-widget_type=\"txwpc-heading.default\">\n\t\t\t\t<div class=\"elementor-widget-container\">\n\t\t\t\t\t<div class=\"section-heading\"><h2 class=\"section-heading-title\">Excel\u00eancia t\u00e9cnica em solu\u00e7\u00f5es el\u00e9tricas e energ\u00e9ticas<\/h2><\/div>\t\t\t\t<\/div>\n\t\t\t\t<\/div>\n\t\t<div class=\"elementor-element elementor-element-a54fc61 e-con-full e-flex e-con e-child\" data-id=\"a54fc61\" data-element_type=\"container\" data-e-type=\"container\">\n\t\t<div class=\"elementor-element elementor-element-fc18324 e-con-full e-flex e-con e-child\" data-id=\"fc18324\" data-element_type=\"container\" data-e-type=\"container\">\n\t\t\t\t<div class=\"elementor-element elementor-element-8ecc146 elementor-widget elementor-widget-txwpc-heading\" data-id=\"8ecc146\" data-element_type=\"widget\" data-e-type=\"widget\" data-widget_type=\"txwpc-heading.default\">\n\t\t\t\t<div class=\"elementor-widget-container\">\n\t\t\t\t\t<div class=\"section-heading\"><p class=\"section-heading-title\">Somos uma empresa especializada em solu\u00e7\u00f5es el\u00e9tricas e energ\u00e9ticas, atuando desde o projeto at\u00e9 a instala\u00e7\u00e3o e manuten\u00e7\u00e3o de sistemas el\u00e9tricos, automa\u00e7\u00e3o e energia solar.\n\nAtendemos resid\u00eancias, com\u00e9rcios e ind\u00fastrias com foco em seguran\u00e7a, efici\u00eancia e conformidade t\u00e9cnica, garantindo instala\u00e7\u00f5es dur\u00e1veis e executadas conforme as normas vigentes.<\/p><\/div>\t\t\t\t<\/div>\n\t\t\t\t<\/div>\n\t\t\t\t<div class=\"elementor-element elementor-element-a4e715e elementor-widget elementor-widget-txwpc-creative-button\" data-id=\"a4e715e\" data-element_type=\"widget\" data-e-type=\"widget\" data-widget_type=\"txwpc-creative-button.default\">\n\t\t\t\t<div class=\"elementor-widget-container\">\n\t\t\t\t\t        <div class=\"flexitype-btn\">\r\n            <a class=\"flexitype-btn-wrapper button-ripple  right\" href=\"https:\/\/thiagomts.com.br\/wjs\/areas-de-atuacao\/\" data-text=\"Conhe\u00e7a nossos servi\u00e7os\">\r\n                <span>Conhe\u00e7a nossos servi\u00e7os<\/span>\r\n                                    <i class=\"flaticon flaticon-right-up\"><\/i>\r\n                            <\/a>\r\n        <\/div>\r\n        \t\t\t\t<\/div>\n\t\t\t\t<\/div>\n\t\t\t\t<\/div>\n\t\t\t\t<\/div>\n\t\t\t\t<\/div>\n\t\t<div class=\"elementor-element elementor-element-f93396f e-con-full e-flex e-con e-child\" data-id=\"f93396f\" data-element_type=\"container\" data-e-type=\"container\">\n\t\t\t\t<div class=\"elementor-element elementor-element-e71e851 elementor-widget elementor-widget-image\" data-id=\"e71e851\" data-element_type=\"widget\" data-e-type=\"widget\" data-widget_type=\"image.default\">\n\t\t\t\t\t\t\t\t\t\t\t\t\t\t\t<img fetchpriority=\"high\" decoding=\"async\" width=\"1320\" height=\"700\" src=\"https:\/\/thiagomts.com.br\/wjs\/wp-content\/uploads\/2025\/07\/portfolio-4.jpg\" class=\"attachment-full size-full wp-image-3996\" alt=\"\" \/>\t\t\t\t\t\t\t\t\t\t\t\t\t\t\t<\/div>\n\t\t\t\t<\/div>\n\t\t\t\t\t<\/div>\n\t\t\t\t<\/div>\n\t\t<div class=\"elementor-element elementor-element-14f3a2f e-grid e-con-boxed e-con e-child\" data-id=\"14f3a2f\" data-element_type=\"container\" data-e-type=\"container\" data-settings=\"{&quot;background_background&quot;:&quot;classic&quot;}\">\n\t\t\t\t\t<div class=\"e-con-inner\">\n\t\t<div class=\"elementor-element elementor-element-b98aad1 e-con-full e-flex e-con e-child\" data-id=\"b98aad1\" data-element_type=\"container\" data-e-type=\"container\">\n\t\t\t\t<div class=\"elementor-element elementor-element-40cdfcb elementor-widget elementor-widget-txwpc-icon-box\" data-id=\"40cdfcb\" data-element_type=\"widget\" data-e-type=\"widget\" data-widget_type=\"txwpc-icon-box.default\">\n\t\t\t\t<div class=\"elementor-widget-container\">\n\t\t\t\t\t\r\n        <div class=\"icon__box-item  \">\r\n                                                <div class=\"icon__box-item-content\">\r\n                <div class=\"title\">\r\n                                            <h5 class=\"box-title\">\r\n                            Conformidade T\u00e9cnica                        <\/h5>\r\n                                                                <p>Projetos executados conforme NBR 5410 e regulamenta\u00e7\u00f5es vigentes, garantindo seguran\u00e7a e confiabilidade.<\/p>\n                                    <\/div>\r\n                            <\/div>\r\n        <\/div>\r\n\r\n        \t\t\t\t<\/div>\n\t\t\t\t<\/div>\n\t\t\t\t<\/div>\n\t\t<div class=\"elementor-element elementor-element-c2c2c77 e-con-full e-flex e-con e-child\" data-id=\"c2c2c77\" data-element_type=\"container\" data-e-type=\"container\">\n\t\t\t\t<div class=\"elementor-element elementor-element-02c5d6a elementor-widget elementor-widget-txwpc-icon-box\" data-id=\"02c5d6a\" data-element_type=\"widget\" data-e-type=\"widget\" data-widget_type=\"txwpc-icon-box.default\">\n\t\t\t\t<div class=\"elementor-widget-container\">\n\t\t\t\t\t\r\n        <div class=\"icon__box-item  \">\r\n                                                <div class=\"icon__box-item-content\">\r\n                <div class=\"title\">\r\n                                            <h5 class=\"box-title\">\r\n                            Profissionais Qualificados                        <\/h5>\r\n                                                                <p>Equipe certificada com registro CREA\/CFT e capacita\u00e7\u00e3o NR-10 e NR-35.<\/p>\n                                    <\/div>\r\n                            <\/div>\r\n        <\/div>\r\n\r\n        \t\t\t\t<\/div>\n\t\t\t\t<\/div>\n\t\t\t\t<\/div>\n\t\t<div class=\"elementor-element elementor-element-ad7c097 e-con-full e-flex e-con e-child\" data-id=\"ad7c097\" data-element_type=\"container\" data-e-type=\"container\">\n\t\t\t\t<div class=\"elementor-element elementor-element-8c51531 elementor-widget elementor-widget-txwpc-icon-box\" data-id=\"8c51531\" data-element_type=\"widget\" data-e-type=\"widget\" data-widget_type=\"txwpc-icon-box.default\">\n\t\t\t\t<div class=\"elementor-widget-container\">\n\t\t\t\t\t\r\n        <div class=\"icon__box-item  \">\r\n                                                <div class=\"icon__box-item-content\">\r\n                <div class=\"title\">\r\n                                            <h5 class=\"box-title\">\r\n                            Solu\u00e7\u00f5es Energ\u00e9ticas Integradas                        <\/h5>\r\n                                                                <p>Instala\u00e7\u00f5es el\u00e9tricas, automa\u00e7\u00e3o e energia solar com planejamento t\u00e9cnico completo.<\/p>\n                                    <\/div>\r\n                            <\/div>\r\n        <\/div>\r\n\r\n        \t\t\t\t<\/div>\n\t\t\t\t<\/div>\n\t\t\t\t<\/div>\n\t\t\t\t\t<\/div>\n\t\t\t\t<\/div>\n\t\t<div class=\"elementor-element elementor-element-dca48c6 e-flex e-con-boxed e-con e-parent\" data-id=\"dca48c6\" data-element_type=\"container\" data-e-type=\"container\" data-settings=\"{&quot;background_background&quot;:&quot;classic&quot;}\">\n\t\t\t\t\t<div class=\"e-con-inner\">\n\t\t\t\t\t<\/div>\n\t\t\t\t<\/div>\n\t\t<div class=\"elementor-element elementor-element-494ea72 e-con-full e-flex e-con e-parent\" data-id=\"494ea72\" data-element_type=\"container\" data-e-type=\"container\" data-settings=\"{&quot;background_background&quot;:&quot;classic&quot;}\">\n\t\t\t\t<div class=\"elementor-element elementor-element-1f24615 elementor-widget elementor-widget-txwpc-text-slide\" data-id=\"1f24615\" data-element_type=\"widget\" data-e-type=\"widget\" data-widget_type=\"txwpc-text-slide.default\">\n\t\t\t\t<div class=\"elementor-widget-container\">\n\t\t\t\t\t        <div class=\"text__slider\">\r\n            <div class=\"scroller\" data-direction=\"left\">\r\n                <ul class=\"scroller__inner\">\r\n                                            <li>\r\n                            <h3 class=\"title\">\r\n                                <a href=\"\"\r\n                                    class=\"no-text-border no-icon-border\">\r\n                                                                            <i aria-hidden=\"true\" class=\"fa fa-star\"><\/i>                                                                                                            Instala\u00e7\u00f5es El\u00e9tricas                                <\/a>\r\n                            <\/h3>\r\n                        <\/li>\r\n                                            <li>\r\n                            <h3 class=\"title\">\r\n                                <a href=\"\"\r\n                                    class=\"no-text-border \">\r\n                                                                            <i aria-hidden=\"true\" class=\"fa fa-star\"><\/i>                                                                                                            Automa\u00e7\u00e3o Residencial                                <\/a>\r\n                            <\/h3>\r\n                        <\/li>\r\n                                            <li>\r\n                            <h3 class=\"title\">\r\n                                <a href=\"\"\r\n                                    class=\"no-text-border no-icon-border\">\r\n                                                                            <i aria-hidden=\"true\" class=\"fa fa-star\"><\/i>                                                                                                            Carregadores para Ve\u00edculos El\u00e9tricos                                <\/a>\r\n                            <\/h3>\r\n                        <\/li>\r\n                                            <li>\r\n                            <h3 class=\"title\">\r\n                                <a href=\"\"\r\n                                    class=\"no-text-border \">\r\n                                                                            <i aria-hidden=\"true\" class=\"fa fa-star\"><\/i>                                                                                                            Energia Solar Fotovoltaica                                <\/a>\r\n                            <\/h3>\r\n                        <\/li>\r\n                                            <li>\r\n                            <h3 class=\"title\">\r\n                                <a href=\"\"\r\n                                    class=\"no-text-border no-icon-border\">\r\n                                                                            <i aria-hidden=\"true\" class=\"fa fa-star\"><\/i>                                                                                                            Efici\u00eancia Energ\u00e9tica                                <\/a>\r\n                            <\/h3>\r\n                        <\/li>\r\n                                    <\/ul>\r\n            <\/div>\r\n        <\/div>\r\n        \t\t\t\t<\/div>\n\t\t\t\t<\/div>\n\t\t\t\t<\/div>\n\t\t<div class=\"elementor-element elementor-element-f8d5190 e-flex e-con-boxed e-con e-parent\" data-id=\"f8d5190\" data-element_type=\"container\" data-e-type=\"container\" data-settings=\"{&quot;background_background&quot;:&quot;classic&quot;}\">\n\t\t\t\t\t<div class=\"e-con-inner\">\n\t\t<div class=\"elementor-element elementor-element-33e8c78 e-con-full e-flex e-con e-child\" data-id=\"33e8c78\" data-element_type=\"container\" data-e-type=\"container\">\n\t\t\t\t<div class=\"elementor-element elementor-element-08eced8 elementor-widget elementor-widget-txwpc-heading\" data-id=\"08eced8\" data-element_type=\"widget\" data-e-type=\"widget\" data-widget_type=\"txwpc-heading.default\">\n\t\t\t\t<div class=\"elementor-widget-container\">\n\t\t\t\t\t<div class=\"section-heading\"><p class=\"section-heading-title\">Nossa experi\u00eancia<\/p><\/div>\t\t\t\t<\/div>\n\t\t\t\t<\/div>\n\t\t\t\t<div class=\"elementor-element elementor-element-c3a1c52 elementor-widget elementor-widget-txwpc-heading\" data-id=\"c3a1c52\" data-element_type=\"widget\" data-e-type=\"widget\" data-widget_type=\"txwpc-heading.default\">\n\t\t\t\t<div class=\"elementor-widget-container\">\n\t\t\t\t\t<div class=\"section-heading\"><h2 class=\"section-heading-title\">Energia planejada para o presente e o futuro<\/h2><\/div>\t\t\t\t<\/div>\n\t\t\t\t<\/div>\n\t\t\t\t<div class=\"elementor-element elementor-element-1e81ef5 elementor-widget elementor-widget-txwpc-heading\" data-id=\"1e81ef5\" data-element_type=\"widget\" data-e-type=\"widget\" data-widget_type=\"txwpc-heading.default\">\n\t\t\t\t<div class=\"elementor-widget-container\">\n\t\t\t\t\t<div class=\"section-heading\"><p class=\"section-heading-title\">Atuamos com responsabilidade t\u00e9cnica e foco em efici\u00eancia energ\u00e9tica, oferecendo solu\u00e7\u00f5es seguras e sustent\u00e1veis para cada tipo de projeto.\n<br><br>\nCada instala\u00e7\u00e3o \u00e9 dimensionada de forma personalizada, utilizando materiais certificados e boas pr\u00e1ticas de engenharia.<\/p><\/div>\t\t\t\t<\/div>\n\t\t\t\t<\/div>\n\t\t\t\t<\/div>\n\t\t<div class=\"elementor-element elementor-element-24f72ec e-con-full e-flex e-con e-child\" data-id=\"24f72ec\" data-element_type=\"container\" data-e-type=\"container\">\n\t\t\t\t<div class=\"elementor-element elementor-element-22d3796 elementor-widget elementor-widget-image\" data-id=\"22d3796\" data-element_type=\"widget\" data-e-type=\"widget\" data-widget_type=\"image.default\">\n\t\t\t\t\t\t\t\t\t\t\t\t\t\t\t<img decoding=\"async\" width=\"580\" height=\"350\" src=\"https:\/\/thiagomts.com.br\/wjs\/wp-content\/uploads\/2025\/07\/image-1.jpg\" class=\"attachment-full size-full wp-image-3958\" alt=\"\" \/>\t\t\t\t\t\t\t\t\t\t\t\t\t\t\t<\/div>\n\t\t\t\t<div class=\"elementor-element elementor-element-1b9518d elementor-widget elementor-widget-txwpc-skill-bar\" data-id=\"1b9518d\" data-element_type=\"widget\" data-e-type=\"widget\" data-widget_type=\"txwpc-skill-bar.default\">\n\t\t\t\t<div class=\"elementor-widget-container\">\n\t\t\t\t\t            <div class=\"skill__area   \">\r\n                                                                                        <div class=\"skill__area-item\">\r\n                                <div class=\"skill__area-item-content\">\r\n                                    <h6>Seguran\u00e7a e Conformidade T\u00e9cnica<\/h6>\r\n                                                                            <div class=\"ft_counter\" data-value=\"100\">0<\/div>                                        \r\n                                                                    <\/div>\r\n                                <div class=\"skill__area-item-inner\">\r\n                                    <div class=\"skill__area-item-bar\" data-width=\"100\"><span><\/span><\/div>\r\n                                <\/div>\r\n                            <\/div>\r\n                                                                                                                        <div class=\"skill__area-item\">\r\n                                <div class=\"skill__area-item-content\">\r\n                                    <h6>Satisfa\u00e7\u00e3o e Suporte ao Cliente<\/h6>\r\n                                                                            <div class=\"ft_counter\" data-value=\"100\">0<\/div>                                        \r\n                                                                    <\/div>\r\n                                <div class=\"skill__area-item-inner\">\r\n                                    <div class=\"skill__area-item-bar\" data-width=\"100\"><span><\/span><\/div>\r\n                                <\/div>\r\n                            <\/div>\r\n                                                                                                                <\/div>\r\n        \t\t\t\t<\/div>\n\t\t\t\t<\/div>\n\t\t\t\t<\/div>\n\t\t\t\t\t<\/div>\n\t\t\t\t<\/div>\n\t\t<div class=\"elementor-element elementor-element-d48c8bd elementor-hidden-desktop elementor-hidden-tablet elementor-hidden-mobile e-flex e-con-boxed e-con e-parent\" data-id=\"d48c8bd\" data-element_type=\"container\" data-e-type=\"container\" data-settings=\"{&quot;background_background&quot;:&quot;classic&quot;}\">\n\t\t\t\t\t<div class=\"e-con-inner\">\n\t\t<div class=\"elementor-element elementor-element-8852292 e-con-full e-flex e-con e-child\" data-id=\"8852292\" data-element_type=\"container\" data-e-type=\"container\">\n\t\t\t\t<div class=\"elementor-element elementor-element-5cd57e0 elementor-widget elementor-widget-txwpc-heading\" data-id=\"5cd57e0\" data-element_type=\"widget\" data-e-type=\"widget\" data-widget_type=\"txwpc-heading.default\">\n\t\t\t\t<div class=\"elementor-widget-container\">\n\t\t\t\t\t<div class=\"section-heading\"><p class=\"section-heading-title\">Equipe<\/p><\/div>\t\t\t\t<\/div>\n\t\t\t\t<\/div>\n\t\t\t\t<div class=\"elementor-element elementor-element-c55cb82 elementor-widget elementor-widget-txwpc-heading\" data-id=\"c55cb82\" data-element_type=\"widget\" data-e-type=\"widget\" data-widget_type=\"txwpc-heading.default\">\n\t\t\t\t<div class=\"elementor-widget-container\">\n\t\t\t\t\t<div class=\"section-heading\"><h2 class=\"section-heading-title\">Profissionais especializados em energia e automa\u00e7\u00e3o<\/h2><\/div>\t\t\t\t<\/div>\n\t\t\t\t<\/div>\n\t\t\t\t<\/div>\n\t\t<div class=\"elementor-element elementor-element-36b21da e-con-full e-grid e-con e-child\" data-id=\"36b21da\" data-element_type=\"container\" data-e-type=\"container\">\n\t\t<div class=\"elementor-element elementor-element-766ed42 e-con-full e-flex e-con e-child\" data-id=\"766ed42\" data-element_type=\"container\" data-e-type=\"container\">\n\t\t\t\t<div class=\"elementor-element elementor-element-c2de5b0 elementor-widget elementor-widget-txwpc-team\" data-id=\"c2de5b0\" data-element_type=\"widget\" data-e-type=\"widget\" data-widget_type=\"txwpc-team.default\">\n\t\t\t\t<div class=\"elementor-widget-container\">\n\t\t\t\t\t    <div class=\"flexitype_team-item\">\r\n        <div class=\"flexitype_team-item-image\">\r\n            <img decoding=\"async\" src=\"http:\/\/thiagomts.com.br\/wjs\/wp-content\/uploads\/2025\/07\/team-1.jpg\" alt=\"No alt text\" \/>        <\/div>\r\n        <div class=\"flexitype_team-item-content\">            \r\n            <div class=\"title\">\r\n                <h6>\r\n                                            Lorem ipsum                                    <\/h6>\r\n                <span>Especialidade<\/span>\r\n            <\/div>\r\n                    <\/div>\r\n    <\/div>\r\n\t\t\t\t<\/div>\n\t\t\t\t<\/div>\n\t\t\t\t<\/div>\n\t\t<div class=\"elementor-element elementor-element-3731250 e-con-full e-flex e-con e-child\" data-id=\"3731250\" data-element_type=\"container\" data-e-type=\"container\">\n\t\t\t\t<div class=\"elementor-element elementor-element-2edde3b elementor-widget elementor-widget-txwpc-team\" data-id=\"2edde3b\" data-element_type=\"widget\" data-e-type=\"widget\" data-widget_type=\"txwpc-team.default\">\n\t\t\t\t<div class=\"elementor-widget-container\">\n\t\t\t\t\t    <div class=\"flexitype_team-item\">\r\n        <div class=\"flexitype_team-item-image\">\r\n            <img decoding=\"async\" src=\"https:\/\/solgen.themeori.net\/wp-content\/uploads\/2025\/07\/team-6.jpg\" alt=\"No alt text\" \/>        <\/div>\r\n        <div class=\"flexitype_team-item-content\">            \r\n            <div class=\"title\">\r\n                <h6>\r\n                                            Lorem ipsum                                    <\/h6>\r\n                <span>Especialidade<\/span>\r\n            <\/div>\r\n                    <\/div>\r\n    <\/div>\r\n\t\t\t\t<\/div>\n\t\t\t\t<\/div>\n\t\t\t\t<\/div>\n\t\t<div class=\"elementor-element elementor-element-1702721 e-con-full e-flex e-con e-child\" data-id=\"1702721\" data-element_type=\"container\" data-e-type=\"container\">\n\t\t\t\t<div class=\"elementor-element elementor-element-073c8c7 elementor-widget elementor-widget-txwpc-team\" data-id=\"073c8c7\" data-element_type=\"widget\" data-e-type=\"widget\" data-widget_type=\"txwpc-team.default\">\n\t\t\t\t<div class=\"elementor-widget-container\">\n\t\t\t\t\t    <div class=\"flexitype_team-item\">\r\n        <div class=\"flexitype_team-item-image\">\r\n            <img decoding=\"async\" src=\"https:\/\/solgen.themeori.net\/wp-content\/uploads\/2025\/07\/team-4.jpg\" alt=\"No alt text\" \/>        <\/div>\r\n        <div class=\"flexitype_team-item-content\">            \r\n            <div class=\"title\">\r\n                <h6>\r\n                                            Lorem ipsum                                    <\/h6>\r\n                <span>Especialidade<\/span>\r\n            <\/div>\r\n                    <\/div>\r\n    <\/div>\r\n\t\t\t\t<\/div>\n\t\t\t\t<\/div>\n\t\t\t\t<\/div>\n\t\t\t\t<\/div>\n\t\t\t\t\t<\/div>\n\t\t\t\t<\/div>\n\t\t\t\t<\/div>\n\t\t","protected":false},"excerpt":{"rendered":"<p>Sobre a empresa Excel\u00eancia t\u00e9cnica em solu\u00e7\u00f5es el\u00e9tricas e energ\u00e9ticas Somos uma empresa especializada em solu\u00e7\u00f5es el\u00e9tricas e energ\u00e9ticas, atuando desde o projeto at\u00e9 a instala\u00e7\u00e3o e manuten\u00e7\u00e3o de sistemas el\u00e9tricos, automa\u00e7\u00e3o e energia solar. Atendemos resid\u00eancias, com\u00e9rcios e ind\u00fastrias com foco em seguran\u00e7a, efici\u00eancia e conformidade t\u00e9cnica, garantindo instala\u00e7\u00f5es dur\u00e1veis e executadas conforme as [&hellip;]<\/p>\n","protected":false},"author":1,"featured_media":0,"parent":0,"menu_order":0,"comment_status":"closed","ping_status":"closed","template":"page-builder.php","meta":{"footnotes":""},"class_list":["post-80","page","type-page","status-publish","hentry"],"_links":{"self":[{"href":"https:\/\/thiagomts.com.br\/wjs\/wp-json\/wp\/v2\/pages\/80","targetHints":{"allow":["GET"]}}],"collection":[{"href":"https:\/\/thiagomts.com.br\/wjs\/wp-json\/wp\/v2\/pages"}],"about":[{"href":"https:\/\/thiagomts.com.br\/wjs\/wp-json\/wp\/v2\/types\/page"}],"author":[{"embeddable":true,"href":"https:\/\/thiagomts.com.br\/wjs\/wp-json\/wp\/v2\/users\/1"}],"replies":[{"embeddable":true,"href":"https:\/\/thiagomts.com.br\/wjs\/wp-json\/wp\/v2\/comments?post=80"}],"version-history":[{"count":30,"href":"https:\/\/thiagomts.com.br\/wjs\/wp-json\/wp\/v2\/pages\/80\/revisions"}],"predecessor-version":[{"id":5862,"href":"https:\/\/thiagomts.com.br\/wjs\/wp-json\/wp\/v2\/pages\/80\/revisions\/5862"}],"wp:attachment":[{"href":"https:\/\/thiagomts.com.br\/wjs\/wp-json\/wp\/v2\/media?parent=80"}],"curies":[{"name":"wp","href":"https:\/\/api.w.org\/{rel}","templated":true}]}}